{"id":23,"date":"2020-12-08T03:53:49","date_gmt":"2020-12-08T03:53:49","guid":{"rendered":"https:\/\/gaviaspreview.com\/wp\/qempo\/?page_id=23"},"modified":"2022-09-03T10:22:38","modified_gmt":"2022-09-03T15:22:38","slug":"galeria","status":"publish","type":"page","link":"https:\/\/expoimportaciones.com\/?page_id=23","title":{"rendered":"Galer\u00eda"},"content":{"rendered":"\t\t<div data-elementor-type=\"wp-page\" data-elementor-id=\"23\" class=\"elementor elementor-23\">\n\t\t\t\t\t\t<section class=\"elementor-section elementor-top-section elementor-element elementor-element-7e9c1af9 elementor-section-boxed elementor-section-height-default elementor-section-height-default row-top\" data-id=\"7e9c1af9\" data-element_type=\"section\">\n\t\t\t\t\t\t<div class=\"elementor-container elementor-column-gap-default\">\n\t\t\t\t\t<div class=\"elementor-column elementor-col-100 elementor-top-column elementor-element elementor-element-27c9e840 column-style-top\" data-id=\"27c9e840\" data-element_type=\"column\">\n\t\t\t<div class=\"elementor-widget-wrap elementor-element-populated\">\n\t\t\t\t\t\t<div class=\"elementor-element elementor-element-63700fe5 elementor-widget elementor-widget-gva-gallery\" data-id=\"63700fe5\" data-element_type=\"widget\" data-widget_type=\"gva-gallery.default\">\n\t\t\t\t<div class=\"elementor-widget-container\">\n\t\t\t<div class=\"gva-element-gva-gallery gva-element\">  \r\n  \t<div class=\"gva-gallery-grid clearfix\">\r\n\t\t<div class=\"gva-content-items\"> \r\n\t\t  \t<div class=\"lg-block-grid-3 md-block-grid-3 sm-block-grid-2 xs-block-grid-1 xx-block-grid-1\">\r\n\t\t\t \t<div class=\"item\">\r\n\r\n   <div class=\"gva-gallery gallery-style-1\">\r\n      <div class=\"gallery-item\">\r\n\r\n                     <div class=\"image\">\r\n               <img decoding=\"async\" src=\"https:\/\/expoimportaciones.com\/wp-content\/uploads\/2020\/12\/coal-842468_1920-600x600.jpg\" alt=\"carb\u00f3n\" \/>  \r\n            <\/div>\r\n            <a class=\"photo-gallery\" href=\"https:\/\/expoimportaciones.com\/wp-content\/uploads\/2020\/12\/coal-842468_1920.jpg\" data-elementor-lightbox-slideshow=\"gallery-c9xo\"><\/a>\r\n                           <div class=\"image-content\">\r\n            <div class=\"content-inner\">\r\n                                 <h3 class=\"title\">carb\u00f3n<\/h3>\r\n                                          <\/div>   \r\n         <\/div>\r\n               <\/div>\r\n   <\/div>\r\n<\/div><div class=\"item\">\r\n\r\n   <div class=\"gva-gallery gallery-style-1\">\r\n      <div class=\"gallery-item\">\r\n\r\n                     <div class=\"image\">\r\n               <img decoding=\"async\" src=\"https:\/\/expoimportaciones.com\/wp-content\/uploads\/2020\/12\/expo-1-600x600.jpg\" alt=\"carb\u00f3n\" \/>  \r\n            <\/div>\r\n            <a class=\"photo-gallery\" href=\"https:\/\/expoimportaciones.com\/wp-content\/uploads\/2020\/12\/expo-1.jpg\" data-elementor-lightbox-slideshow=\"gallery-c9xo\"><\/a>\r\n                           <div class=\"image-content\">\r\n            <div class=\"content-inner\">\r\n                                 <h3 class=\"title\">carb\u00f3n<\/h3>\r\n                                          <\/div>   \r\n         <\/div>\r\n               <\/div>\r\n   <\/div>\r\n<\/div><div class=\"item\">\r\n\r\n   <div class=\"gva-gallery gallery-style-1\">\r\n      <div class=\"gallery-item\">\r\n\r\n                     <div class=\"image\">\r\n               <img decoding=\"async\" src=\"https:\/\/expoimportaciones.com\/wp-content\/uploads\/2020\/12\/expo-9-600x600.jpg\" alt=\"Carb\u00f3n\" \/>  \r\n            <\/div>\r\n            <a class=\"photo-gallery\" href=\"https:\/\/expoimportaciones.com\/wp-content\/uploads\/2020\/12\/expo-9.jpg\" data-elementor-lightbox-slideshow=\"gallery-c9xo\"><\/a>\r\n                           <div class=\"image-content\">\r\n            <div class=\"content-inner\">\r\n                                 <h3 class=\"title\">Carb\u00f3n<\/h3>\r\n                                          <\/div>   \r\n         <\/div>\r\n               <\/div>\r\n   <\/div>\r\n<\/div><div class=\"item\">\r\n\r\n   <div class=\"gva-gallery gallery-style-1\">\r\n      <div class=\"gallery-item\">\r\n\r\n                     <div class=\"image\">\r\n               <img decoding=\"async\" src=\"https:\/\/expoimportaciones.com\/wp-content\/uploads\/2020\/12\/expo-22-600x600.jpg\" alt=\"Madera\" \/>  \r\n            <\/div>\r\n            <a class=\"photo-gallery\" href=\"https:\/\/expoimportaciones.com\/wp-content\/uploads\/2020\/12\/expo-22.jpg\" data-elementor-lightbox-slideshow=\"gallery-c9xo\"><\/a>\r\n                           <div class=\"image-content\">\r\n            <div class=\"content-inner\">\r\n                                 <h3 class=\"title\">Madera<\/h3>\r\n                                          <\/div>   \r\n         <\/div>\r\n               <\/div>\r\n   <\/div>\r\n<\/div><div class=\"item\">\r\n\r\n   <div class=\"gva-gallery gallery-style-1\">\r\n      <div class=\"gallery-item\">\r\n\r\n                     <div class=\"image\">\r\n               <img decoding=\"async\" src=\"https:\/\/expoimportaciones.com\/wp-content\/uploads\/2020\/12\/expo-23-600x600.jpg\" alt=\"Madera\" \/>  \r\n            <\/div>\r\n            <a class=\"photo-gallery\" href=\"https:\/\/expoimportaciones.com\/wp-content\/uploads\/2020\/12\/expo-23.jpg\" data-elementor-lightbox-slideshow=\"gallery-c9xo\"><\/a>\r\n                           <div class=\"image-content\">\r\n            <div class=\"content-inner\">\r\n                                 <h3 class=\"title\">Madera<\/h3>\r\n                                          <\/div>   \r\n         <\/div>\r\n               <\/div>\r\n   <\/div>\r\n<\/div><div class=\"item\">\r\n\r\n   <div class=\"gva-gallery gallery-style-1\">\r\n      <div class=\"gallery-item\">\r\n\r\n                     <div class=\"image\">\r\n               <img decoding=\"async\" src=\"https:\/\/expoimportaciones.com\/wp-content\/uploads\/2020\/12\/expo-24-600x600.jpg\" alt=\"Madera\" \/>  \r\n            <\/div>\r\n            <a class=\"photo-gallery\" href=\"https:\/\/expoimportaciones.com\/wp-content\/uploads\/2020\/12\/expo-24.jpg\" data-elementor-lightbox-slideshow=\"gallery-c9xo\"><\/a>\r\n                           <div class=\"image-content\">\r\n            <div class=\"content-inner\">\r\n                                 <h3 class=\"title\">Madera<\/h3>\r\n                                          <\/div>   \r\n         <\/div>\r\n               <\/div>\r\n   <\/div>\r\n<\/div><div class=\"item\">\r\n\r\n   <div class=\"gva-gallery gallery-style-1\">\r\n      <div class=\"gallery-item\">\r\n\r\n                     <div class=\"image\">\r\n               <img decoding=\"async\" src=\"https:\/\/expoimportaciones.com\/wp-content\/uploads\/2020\/12\/expo-15-600x600.jpg\" alt=\"Construcci\u00f3n\" \/>  \r\n            <\/div>\r\n            <a class=\"photo-gallery\" href=\"https:\/\/expoimportaciones.com\/wp-content\/uploads\/2020\/12\/expo-15.jpg\" data-elementor-lightbox-slideshow=\"gallery-c9xo\"><\/a>\r\n                           <div class=\"image-content\">\r\n            <div class=\"content-inner\">\r\n                                 <h3 class=\"title\">Construcci\u00f3n<\/h3>\r\n                                          <\/div>   \r\n         <\/div>\r\n               <\/div>\r\n   <\/div>\r\n<\/div><div class=\"item\">\r\n\r\n   <div class=\"gva-gallery gallery-style-1\">\r\n      <div class=\"gallery-item\">\r\n\r\n                     <div class=\"image\">\r\n               <img decoding=\"async\" src=\"https:\/\/expoimportaciones.com\/wp-content\/uploads\/2020\/12\/expo-12-600x600.jpg\" alt=\"Construcci\u00f3n\" \/>  \r\n            <\/div>\r\n            <a class=\"photo-gallery\" href=\"https:\/\/expoimportaciones.com\/wp-content\/uploads\/2020\/12\/expo-12.jpg\" data-elementor-lightbox-slideshow=\"gallery-c9xo\"><\/a>\r\n                           <div class=\"image-content\">\r\n            <div class=\"content-inner\">\r\n                                 <h3 class=\"title\">Construcci\u00f3n<\/h3>\r\n                                          <\/div>   \r\n         <\/div>\r\n               <\/div>\r\n   <\/div>\r\n<\/div><div class=\"item\">\r\n\r\n   <div class=\"gva-gallery gallery-style-1\">\r\n      <div class=\"gallery-item\">\r\n\r\n                     <div class=\"image\">\r\n               <img decoding=\"async\" src=\"https:\/\/expoimportaciones.com\/wp-content\/uploads\/2020\/12\/expo-10-600x600.jpg\" alt=\"Construcci\u00f3n\" \/>  \r\n            <\/div>\r\n            <a class=\"photo-gallery\" href=\"https:\/\/expoimportaciones.com\/wp-content\/uploads\/2020\/12\/expo-10.jpg\" data-elementor-lightbox-slideshow=\"gallery-c9xo\"><\/a>\r\n                           <div class=\"image-content\">\r\n            <div class=\"content-inner\">\r\n                                 <h3 class=\"title\">Construcci\u00f3n<\/h3>\r\n                                          <\/div>   \r\n         <\/div>\r\n               <\/div>\r\n   <\/div>\r\n<\/div><div class=\"item\">\r\n\r\n   <div class=\"gva-gallery gallery-style-1\">\r\n      <div class=\"gallery-item\">\r\n\r\n                     <div class=\"image\">\r\n               <img decoding=\"async\" src=\"https:\/\/expoimportaciones.com\/wp-content\/uploads\/2020\/12\/expo-21-600x600.jpg\" alt=\"Fertilizantes\" \/>  \r\n            <\/div>\r\n            <a class=\"photo-gallery\" href=\"https:\/\/expoimportaciones.com\/wp-content\/uploads\/2020\/12\/expo-21.jpg\" data-elementor-lightbox-slideshow=\"gallery-c9xo\"><\/a>\r\n                           <div class=\"image-content\">\r\n            <div class=\"content-inner\">\r\n                                 <h3 class=\"title\">Fertilizantes<\/h3>\r\n                                          <\/div>   \r\n         <\/div>\r\n               <\/div>\r\n   <\/div>\r\n<\/div><div class=\"item\">\r\n\r\n   <div class=\"gva-gallery gallery-style-1\">\r\n      <div class=\"gallery-item\">\r\n\r\n                     <div class=\"image\">\r\n               <img decoding=\"async\" src=\"https:\/\/expoimportaciones.com\/wp-content\/uploads\/2020\/12\/expo-20-600x600.jpg\" alt=\"Fertilizantes\" \/>  \r\n            <\/div>\r\n            <a class=\"photo-gallery\" href=\"https:\/\/expoimportaciones.com\/wp-content\/uploads\/2020\/12\/expo-20.jpg\" data-elementor-lightbox-slideshow=\"gallery-c9xo\"><\/a>\r\n                           <div class=\"image-content\">\r\n            <div class=\"content-inner\">\r\n                                 <h3 class=\"title\">Fertilizantes<\/h3>\r\n                                          <\/div>   \r\n         <\/div>\r\n               <\/div>\r\n   <\/div>\r\n<\/div><div class=\"item\">\r\n\r\n   <div class=\"gva-gallery gallery-style-1\">\r\n      <div class=\"gallery-item\">\r\n\r\n                     <div class=\"image\">\r\n               <img decoding=\"async\" src=\"https:\/\/expoimportaciones.com\/wp-content\/uploads\/2020\/12\/expo-19-600x600.jpg\" alt=\"Fertilizantes\" \/>  \r\n            <\/div>\r\n            <a class=\"photo-gallery\" href=\"https:\/\/expoimportaciones.com\/wp-content\/uploads\/2020\/12\/expo-19.jpg\" data-elementor-lightbox-slideshow=\"gallery-c9xo\"><\/a>\r\n                           <div class=\"image-content\">\r\n            <div class=\"content-inner\">\r\n                                 <h3 class=\"title\">Fertilizantes<\/h3>\r\n                                          <\/div>   \r\n         <\/div>\r\n               <\/div>\r\n   <\/div>\r\n<\/div>\t\t  \t<\/div>\r\n\t\t<\/div>\r\n  \t<\/div>\r\n<\/div>\t\t<\/div>\n\t\t\t\t<\/div>\n\t\t\t\t\t<\/div>\n\t\t<\/div>\n\t\t\t\t\t<\/div>\n\t\t<\/section>\n\t\t\t\t<\/div>\n\t\t","protected":false},"excerpt":{"rendered":"<p>carb\u00f3n carb\u00f3n Carb\u00f3n Madera Madera Madera Construcci\u00f3n Construcci\u00f3n Construcci\u00f3n Fertilizantes Fertilizantes Fertilizantes<\/p>\n","protected":false},"author":1,"featured_media":0,"parent":0,"menu_order":4,"comment_status":"closed","ping_status":"closed","template":"","meta":{"footnotes":""},"_links":{"self":[{"href":"https:\/\/expoimportaciones.com\/index.php?rest_route=\/wp\/v2\/pages\/23"}],"collection":[{"href":"https:\/\/expoimportaciones.com\/index.php?rest_route=\/wp\/v2\/pages"}],"about":[{"href":"https:\/\/expoimportaciones.com\/index.php?rest_route=\/wp\/v2\/types\/page"}],"author":[{"embeddable":true,"href":"https:\/\/expoimportaciones.com\/index.php?rest_route=\/wp\/v2\/users\/1"}],"replies":[{"embeddable":true,"href":"https:\/\/expoimportaciones.com\/index.php?rest_route=%2Fwp%2Fv2%2Fcomments&post=23"}],"version-history":[{"count":9,"href":"https:\/\/expoimportaciones.com\/index.php?rest_route=\/wp\/v2\/pages\/23\/revisions"}],"predecessor-version":[{"id":1381,"href":"https:\/\/expoimportaciones.com\/index.php?rest_route=\/wp\/v2\/pages\/23\/revisions\/1381"}],"wp:attachment":[{"href":"https:\/\/expoimportaciones.com\/index.php?rest_route=%2Fwp%2Fv2%2Fmedia&parent=23"}],"curies":[{"name":"wp","href":"https:\/\/api.w.org\/{rel}","templated":true}]}}